{"id":1138,"date":"2026-02-17T10:04:34","date_gmt":"2026-02-17T09:04:34","guid":{"rendered":"https:\/\/akademiki.kul.pl\/?page_id=1138"},"modified":"2026-02-18T11:55:24","modified_gmt":"2026-02-18T10:55:24","slug":"price-list-2","status":"publish","type":"page","link":"https:\/\/akademiki.kul.pl\/?page_id=1138&lang=en","title":{"rendered":"Price List"},"content":{"rendered":"\n<p><a href=\"https:\/\/akademiki.kul.pl\/wp-content\/uploads\/2024\/06\/SKM_C25824062513080-cennik-2024.pdf\">Skip to content<\/a><\/p>\n\n<h3 class=\"wp-block-heading\">PRICE LIST OF KUL RESIDENCE HALLS 2025\/2026<\/h3>\n\n<p>I. Fees for accommodation in KUL student halls of residence for KUL students and doctoral students, as well as students and doctoral students of Lublin universities: UMCS, UM, UP, PL, WSPiA, WSSP, WSEI, WSNS, including foreign nationals:<\/p>\n\n<p><strong>Student Residence Hall for Women &#8222;Konstantyna&#8221; &#8211; ul. Konstantyn\u00f3w 1D<\/strong><\/p>\n\n<figure>\n<table>\n<tbody>\n<tr>\n<td>Single room in a segment<\/td>\n<td data-align=\"right\"><strong>PLN 950<\/strong><\/td>\n<\/tr>\n<tr>\n<td>Twin room in a segment<\/td>\n<td data-align=\"right\"><strong>PLN 630<\/strong><\/td>\n<\/tr>\n<tr>\n<td>Twin room, so-called 15<\/td>\n<td data-align=\"right\"><strong>PLN 660<\/strong><\/td>\n<\/tr>\n<\/tbody>\n<\/table>\n<\/figure>\n\n<p><strong>Student Residence Hall for Men &#8222;Stefan&#8221; &#8211; ul. Konstantyn\u00f3w 1A<\/strong><\/p>\n\n<figure>\n<table>\n<tbody>\n<tr>\n<td>Single room, large size<\/td>\n<td data-align=\"right\"><strong>PLN 950<\/strong><\/td>\n<\/tr>\n<tr>\n<td>Single room, small size<\/td>\n<td data-align=\"right\"><strong>PLN 840<\/strong><\/td>\n<\/tr>\n<tr>\n<td>Twin room<\/td>\n<td data-align=\"right\"><strong>PLN 630<\/strong><\/td>\n<\/tr>\n<\/tbody>\n<\/table>\n<\/figure>\n\n<p><strong>Student Residance Hall for Men &#8222;Karol&#8221;- ul. Konstantyn\u00f3w 1B<\/strong><\/p>\n\n<figure>\n<table>\n<tbody>\n<tr>\n<td>Single room<\/td>\n<td data-align=\"right\"><strong>PLN 840<\/strong><\/td>\n<\/tr>\n<tr>\n<td>Twin room<\/td>\n<td data-align=\"right\"><strong>PLN 570<\/strong><\/td>\n<\/tr>\n<tr>\n<td>Twin room in a segment<\/td>\n<td data-align=\"right\"><strong>PLN 640<\/strong><\/td>\n<\/tr>\n<tr>\n<td>Three-bed room<\/td>\n<td data-align=\"right\"><strong>PLN 480<\/strong><\/td>\n<\/tr>\n<\/tbody>\n<\/table>\n<\/figure>\n\n<p><strong>Student Residence Hall for Men &#8222;Idzi&#8221; &#8211; ul. Nieca\u0142a 8<\/strong><\/p>\n\n<figure>\n<table>\n<tbody>\n<tr>\n<td>Single room<\/td>\n<td data-align=\"right\"><strong>PLN 840<\/strong><\/td>\n<\/tr>\n<tr>\n<td>Single room with shower<\/td>\n<td data-align=\"right\"><strong>PLN 990<\/strong><\/td>\n<\/tr>\n<tr>\n<td>Single room with increased space<\/td>\n<td data-align=\"right\"><strong>PLN 910<\/strong><\/td>\n<\/tr>\n<tr>\n<td>Twin room<\/td>\n<td data-align=\"right\"><strong>PLN 630<\/strong><\/td>\n<\/tr>\n<tr>\n<td>Twin room with shower<\/td>\n<td data-align=\"right\"><strong>PLN 700<\/strong><\/td>\n<\/tr>\n<tr>\n<td>Twin room with increased space<\/td>\n<td data-align=\"right\"><strong>PLN 700<\/strong><\/td>\n<\/tr>\n<tr>\n<td>Three-bed room<\/td>\n<td data-align=\"right\"><strong>PLN 530<\/strong><\/td>\n<\/tr>\n<tr>\n<td>Double (matrimonial) room with shower<\/td>\n<td data-align=\"right\"><strong>PLN 1335<\/strong><\/td>\n<\/tr>\n<tr>\n<td>Double (matrimonial) room with shower and kitchenette<\/td>\n<td data-align=\"right\"><strong>PLN 1450<\/strong><\/td>\n<\/tr>\n<\/tbody>\n<\/table>\n<\/figure>\n\n<p><strong>Student Residence Hall in Stalowa Wola &#8222;Stella&#8221;, ul. Ofiar Katynia 6<\/strong><\/p>\n\n<figure>\n<table>\n<tbody>\n<tr>\n<td>Single room<\/td>\n<td data-align=\"right\"><strong>PLN 850<\/strong><\/td>\n<\/tr>\n<tr>\n<td>A higher standard single room<\/td>\n<td data-align=\"right\"><strong>PLN 950<\/strong><\/td>\n<\/tr>\n<tr>\n<td>Twin room<\/td>\n<td data-align=\"right\"><strong>PLN 730<\/strong><\/td>\n<\/tr>\n<\/tbody>\n<\/table>\n<\/figure>\n\n<p>II. Fees for other persons: rates as above + 8% VAT.<\/p>\n\n<p>\u00a0<\/p>\n\n<p><a href=\"https:\/\/akademiki.kul.pl\/wp-content\/uploads\/2025\/06\/293-2025-0101-142-293-JM-oplaty-za-domy-studenckie_skan.pdf\" target=\"_blank\" rel=\"noreferrer noopener\">Ordinance of the Vice-Chancellor of the Catholic University of Lublin on the amount of fees for residence in student residences of the Catholic University of Lublin (KUL)\u00a0<\/a><\/p>\n","protected":false},"excerpt":{"rendered":"<p>Skip to content PRICE LIST OF KUL RESIDENCE HALLS 2025\/2026 I. Fees for accommodation in KUL student halls of residence for KUL students and doctoral students, as well as students&#8230;<\/p>\n","protected":false},"author":7,"featured_media":0,"parent":0,"menu_order":0,"comment_status":"closed","ping_status":"closed","template":"","meta":{"footnotes":""},"class_list":["post-1138","page","type-page","status-publish","hentry"],"yoast_head":"<!-- This site is optimized with the Yoast SEO plugin v27.5 - https:\/\/yoast.com\/product\/yoast-seo-wordpress\/ -->\n<title>Price List - Domy Studenckie KUL<\/title>\n<meta name=\"robots\" content=\"index, follow, max-snippet:-1, max-image-preview:large, max-video-preview:-1\" \/>\n<link rel=\"canonical\" href=\"https:\/\/akademiki.kul.pl\/?page_id=1138&lang=en\" \/>\n<meta property=\"og:locale\" content=\"pl_PL\" \/>\n<meta property=\"og:type\" content=\"article\" \/>\n<meta property=\"og:title\" content=\"Price List - Domy Studenckie KUL\" \/>\n<meta property=\"og:description\" content=\"Skip to content PRICE LIST OF KUL RESIDENCE HALLS 2025\/2026 I. Fees for accommodation in KUL student halls of residence for KUL students and doctoral students, as well as students...\" \/>\n<meta property=\"og:url\" content=\"https:\/\/akademiki.kul.pl\/?page_id=1138&amp;lang=en\" \/>\n<meta property=\"og:site_name\" content=\"Domy Studenckie KUL\" \/>\n<meta property=\"article:publisher\" content=\"https:\/\/www.facebook.com\/mdskulkonstantynow\/\" \/>\n<meta property=\"article:modified_time\" content=\"2026-02-18T10:55:24+00:00\" \/>\n<meta name=\"twitter:card\" content=\"summary_large_image\" \/>\n<meta name=\"twitter:label1\" content=\"Szacowany czas czytania\" \/>\n\t<meta name=\"twitter:data1\" content=\"2 minuty\" \/>\n<script type=\"application\/ld+json\" class=\"yoast-schema-graph\">{\"@context\":\"https:\\\/\\\/schema.org\",\"@graph\":[{\"@type\":\"WebPage\",\"@id\":\"https:\\\/\\\/akademiki.kul.pl\\\/?page_id=1138&lang=en\",\"url\":\"https:\\\/\\\/akademiki.kul.pl\\\/?page_id=1138&lang=en\",\"name\":\"Price List - Domy Studenckie KUL\",\"isPartOf\":{\"@id\":\"https:\\\/\\\/akademiki.kul.pl\\\/#website\"},\"datePublished\":\"2026-02-17T09:04:34+00:00\",\"dateModified\":\"2026-02-18T10:55:24+00:00\",\"breadcrumb\":{\"@id\":\"https:\\\/\\\/akademiki.kul.pl\\\/?page_id=1138&lang=en#breadcrumb\"},\"inLanguage\":\"pl-PL\",\"potentialAction\":[{\"@type\":\"ReadAction\",\"target\":[\"https:\\\/\\\/akademiki.kul.pl\\\/?page_id=1138&lang=en\"]}]},{\"@type\":\"BreadcrumbList\",\"@id\":\"https:\\\/\\\/akademiki.kul.pl\\\/?page_id=1138&lang=en#breadcrumb\",\"itemListElement\":[{\"@type\":\"ListItem\",\"position\":1,\"name\":\"Strona g\u0142\u00f3wna\",\"item\":\"https:\\\/\\\/akademiki.kul.pl\\\/\"},{\"@type\":\"ListItem\",\"position\":2,\"name\":\"Price List\"}]},{\"@type\":\"WebSite\",\"@id\":\"https:\\\/\\\/akademiki.kul.pl\\\/#website\",\"url\":\"https:\\\/\\\/akademiki.kul.pl\\\/\",\"name\":\"Domy Studenckie KUL\",\"description\":\"Akademiki z pe\u0142n\u0105 KULtur\u0105\",\"publisher\":{\"@id\":\"https:\\\/\\\/akademiki.kul.pl\\\/#organization\"},\"potentialAction\":[{\"@type\":\"SearchAction\",\"target\":{\"@type\":\"EntryPoint\",\"urlTemplate\":\"https:\\\/\\\/akademiki.kul.pl\\\/?s={search_term_string}\"},\"query-input\":{\"@type\":\"PropertyValueSpecification\",\"valueRequired\":true,\"valueName\":\"search_term_string\"}}],\"inLanguage\":\"pl-PL\"},{\"@type\":\"Organization\",\"@id\":\"https:\\\/\\\/akademiki.kul.pl\\\/#organization\",\"name\":\"Domy Studenckie KUL\",\"url\":\"https:\\\/\\\/akademiki.kul.pl\\\/\",\"logo\":{\"@type\":\"ImageObject\",\"inLanguage\":\"pl-PL\",\"@id\":\"https:\\\/\\\/akademiki.kul.pl\\\/#\\\/schema\\\/logo\\\/image\\\/\",\"url\":\"https:\\\/\\\/akademiki.kul.pl\\\/wp-content\\\/uploads\\\/2023\\\/06\\\/cropped-Korys-Piotr-logo-DS_KUL.png\",\"contentUrl\":\"https:\\\/\\\/akademiki.kul.pl\\\/wp-content\\\/uploads\\\/2023\\\/06\\\/cropped-Korys-Piotr-logo-DS_KUL.png\",\"width\":7462,\"height\":1408,\"caption\":\"Domy Studenckie KUL\"},\"image\":{\"@id\":\"https:\\\/\\\/akademiki.kul.pl\\\/#\\\/schema\\\/logo\\\/image\\\/\"},\"sameAs\":[\"https:\\\/\\\/www.facebook.com\\\/mdskulkonstantynow\\\/\",\"https:\\\/\\\/www.facebook.com\\\/zdskul\\\/\"]}]}<\/script>\n<!-- \/ Yoast SEO plugin. -->","yoast_head_json":{"title":"Price List - Domy Studenckie KUL","robots":{"index":"index","follow":"follow","max-snippet":"max-snippet:-1","max-image-preview":"max-image-preview:large","max-video-preview":"max-video-preview:-1"},"canonical":"https:\/\/akademiki.kul.pl\/?page_id=1138&lang=en","og_locale":"pl_PL","og_type":"article","og_title":"Price List - Domy Studenckie KUL","og_description":"Skip to content PRICE LIST OF KUL RESIDENCE HALLS 2025\/2026 I. Fees for accommodation in KUL student halls of residence for KUL students and doctoral students, as well as students...","og_url":"https:\/\/akademiki.kul.pl\/?page_id=1138&lang=en","og_site_name":"Domy Studenckie KUL","article_publisher":"https:\/\/www.facebook.com\/mdskulkonstantynow\/","article_modified_time":"2026-02-18T10:55:24+00:00","twitter_card":"summary_large_image","twitter_misc":{"Szacowany czas czytania":"2 minuty"},"schema":{"@context":"https:\/\/schema.org","@graph":[{"@type":"WebPage","@id":"https:\/\/akademiki.kul.pl\/?page_id=1138&lang=en","url":"https:\/\/akademiki.kul.pl\/?page_id=1138&lang=en","name":"Price List - Domy Studenckie KUL","isPartOf":{"@id":"https:\/\/akademiki.kul.pl\/#website"},"datePublished":"2026-02-17T09:04:34+00:00","dateModified":"2026-02-18T10:55:24+00:00","breadcrumb":{"@id":"https:\/\/akademiki.kul.pl\/?page_id=1138&lang=en#breadcrumb"},"inLanguage":"pl-PL","potentialAction":[{"@type":"ReadAction","target":["https:\/\/akademiki.kul.pl\/?page_id=1138&lang=en"]}]},{"@type":"BreadcrumbList","@id":"https:\/\/akademiki.kul.pl\/?page_id=1138&lang=en#breadcrumb","itemListElement":[{"@type":"ListItem","position":1,"name":"Strona g\u0142\u00f3wna","item":"https:\/\/akademiki.kul.pl\/"},{"@type":"ListItem","position":2,"name":"Price List"}]},{"@type":"WebSite","@id":"https:\/\/akademiki.kul.pl\/#website","url":"https:\/\/akademiki.kul.pl\/","name":"Domy Studenckie KUL","description":"Akademiki z pe\u0142n\u0105 KULtur\u0105","publisher":{"@id":"https:\/\/akademiki.kul.pl\/#organization"},"potentialAction":[{"@type":"SearchAction","target":{"@type":"EntryPoint","urlTemplate":"https:\/\/akademiki.kul.pl\/?s={search_term_string}"},"query-input":{"@type":"PropertyValueSpecification","valueRequired":true,"valueName":"search_term_string"}}],"inLanguage":"pl-PL"},{"@type":"Organization","@id":"https:\/\/akademiki.kul.pl\/#organization","name":"Domy Studenckie KUL","url":"https:\/\/akademiki.kul.pl\/","logo":{"@type":"ImageObject","inLanguage":"pl-PL","@id":"https:\/\/akademiki.kul.pl\/#\/schema\/logo\/image\/","url":"https:\/\/akademiki.kul.pl\/wp-content\/uploads\/2023\/06\/cropped-Korys-Piotr-logo-DS_KUL.png","contentUrl":"https:\/\/akademiki.kul.pl\/wp-content\/uploads\/2023\/06\/cropped-Korys-Piotr-logo-DS_KUL.png","width":7462,"height":1408,"caption":"Domy Studenckie KUL"},"image":{"@id":"https:\/\/akademiki.kul.pl\/#\/schema\/logo\/image\/"},"sameAs":["https:\/\/www.facebook.com\/mdskulkonstantynow\/","https:\/\/www.facebook.com\/zdskul\/"]}]}},"_links":{"self":[{"href":"https:\/\/akademiki.kul.pl\/index.php?rest_route=\/wp\/v2\/pages\/1138","targetHints":{"allow":["GET"]}}],"collection":[{"href":"https:\/\/akademiki.kul.pl\/index.php?rest_route=\/wp\/v2\/pages"}],"about":[{"href":"https:\/\/akademiki.kul.pl\/index.php?rest_route=\/wp\/v2\/types\/page"}],"author":[{"embeddable":true,"href":"https:\/\/akademiki.kul.pl\/index.php?rest_route=\/wp\/v2\/users\/7"}],"replies":[{"embeddable":true,"href":"https:\/\/akademiki.kul.pl\/index.php?rest_route=%2Fwp%2Fv2%2Fcomments&post=1138"}],"version-history":[{"count":37,"href":"https:\/\/akademiki.kul.pl\/index.php?rest_route=\/wp\/v2\/pages\/1138\/revisions"}],"predecessor-version":[{"id":4810,"href":"https:\/\/akademiki.kul.pl\/index.php?rest_route=\/wp\/v2\/pages\/1138\/revisions\/4810"}],"wp:attachment":[{"href":"https:\/\/akademiki.kul.pl\/index.php?rest_route=%2Fwp%2Fv2%2Fmedia&parent=1138"}],"curies":[{"name":"wp","href":"https:\/\/api.w.org\/{rel}","templated":true}]}}