{"id":826,"date":"2022-06-01T14:28:09","date_gmt":"2022-06-01T12:28:09","guid":{"rendered":"https:\/\/akademiki.kul.pl\/?page_id=826"},"modified":"2024-06-17T14:47:01","modified_gmt":"2024-06-17T12:47:01","slug":"dom-studencki-w-stalowej-woli","status":"publish","type":"page","link":"https:\/\/akademiki.kul.pl\/?page_id=826","title":{"rendered":"Dom Studencki Stella w Stalowej Woli"},"content":{"rendered":"\n<figure class=\"wp-block-image size-large is-style-default\"><img fetchpriority=\"high\" decoding=\"async\" width=\"1024\" height=\"639\" src=\"https:\/\/akademiki.kul.pl\/wp-content\/uploads\/2017\/01\/stalowa-1024x639.jpg\" alt=\"\" class=\"wp-image-104\" srcset=\"https:\/\/akademiki.kul.pl\/wp-content\/uploads\/2017\/01\/stalowa-1024x639.jpg 1024w, https:\/\/akademiki.kul.pl\/wp-content\/uploads\/2017\/01\/stalowa-300x187.jpg 300w, https:\/\/akademiki.kul.pl\/wp-content\/uploads\/2017\/01\/stalowa-768x479.jpg 768w, https:\/\/akademiki.kul.pl\/wp-content\/uploads\/2017\/01\/stalowa-850x530.jpg 850w, https:\/\/akademiki.kul.pl\/wp-content\/uploads\/2017\/01\/stalowa.jpg 1112w\" sizes=\"(max-width: 1024px) 100vw, 1024px\" \/><figcaption class=\"wp-element-caption\">Dom Studencki KUL w Stalowej Woli<\/figcaption><\/figure>\n\n\n\n<p>Akademik jest pi\u0119ciokondygnacyjnym budynkiem po generalnym remoncie.&nbsp;<strong>Dysponujemy 320 miejscami w pokojach 1 i 2 osobowych.<\/strong>&nbsp;Na ka\u017cdym pi\u0119trze znajduje si\u0119 40 pokoi mieszkalnych oraz dwie kuchnie i 2 pomieszczenia sanitarne (toaleta, \u0142azienka) do u\u017cytku wsp\u00f3lnego. Wszyscy mieszka\u0144cy akademika posiadaj\u0105 w &nbsp;pokojach zainstalowane sta\u0142e \u0142\u0105cze internetowe. Korzystanie z sieci internetowej jest bezp\u0142atne.<\/p>\n\n\n\n<p><strong>Na terenie akademika mieszka\u0144cy maj\u0105 do dyspozycji:<\/strong><\/p>\n\n\n\n<ul class=\"wp-block-list\">\n<li><em>lektorium tzw. pok\u00f3j cichej nauki,<\/em><\/li>\n\n\n\n<li><em>sal\u0119 telewizyjn\u0105,<\/em><\/li>\n\n\n\n<li><em>pralni\u0119 i suszarni\u0119,<\/em><\/li>\n\n\n\n<li><em>odkurzacz,<\/em><\/li>\n\n\n\n<li><em>sk\u0142ad na rowery,<\/em><\/li>\n\n\n\n<li><em>pomieszczenie pe\u0142ni\u0105ce funkcj\u0119 przechowalni i depozytu,<\/em><\/li>\n\n\n\n<li><em>kaplic\u0119 (w budynku dydaktycznym obok domu studenckiego),<\/em><\/li>\n\n\n\n<li><em>sto\u0142\u00f3wk\u0119 \u2013 obok domu studenckiego \u2013 prowadzon\u0105 przez Fundacj\u0119 Uniwersyteck\u0105, kt\u00f3ra prowadzi \u017cywienie ca\u0142odzienne dla student\u00f3w, pracownik\u00f3w KUL oraz os\u00f3b spoza uczelni (<strong>Sto\u0142\u00f3wka Mensa<\/strong>&nbsp;<strong>Qul<\/strong>, tel. 662-316-051); szczeg\u00f3\u0142owych informacji mo\u017cna uzyska\u0107 dzwoni\u0105c pod numer telefonu (0-15) 642-25-21<\/em><\/li>\n\n\n\n<li><em>parking<\/em><\/li>\n<\/ul>\n\n\n\n<p><strong>Dom Studencki znajduje si\u0119 w samym centrum miasta, przy ul. Ofiar Katynia 6<\/strong>. Usytuowany jest w bliskim s\u0105siedztwie parku, co sprawia, \u017ce mo\u017cna tutaj poczu\u0107 si\u0119 spokojnie, z dala od ulicznego ha\u0142asu.<\/p>\n\n\n\n<p>W pobli\u017cu (ok. 10 min. pieszo), znajduje si\u0119&nbsp;<strong>Miejski Dom Kultury<\/strong>&nbsp;(<a href=\"https:\/\/www.mdkstalowawola.pl\/\">https:\/\/www.mdkstalowawola.pl\/<\/a>&nbsp;) gdzie mie\u015bci si\u0119 nowoczesna sala kinowa, przystosowana do projekcji film\u00f3w w jako\u015bci 3D. Regularnie odbywaj\u0105 si\u0119 te\u017c tutaj imprezy i koncerty gwiazd.<\/p>\n\n\n\n<p>Mi\u0142o\u015bnikom historii i nie tylko, proponujemy wycieczk\u0119 do&nbsp;<strong>Muzeum Regionalnego<\/strong>(<a href=\"http:\/\/muzeum.stalowawola.pl\/\">http:\/\/muzeum.stalowawola.pl\/<\/a>). Mo\u017cna zapozna\u0107 si\u0119 z histori\u0105 i kultur\u0105 regionu od czas\u00f3w powstania osadnictwa na tym terenie. Zapraszamy r\u00f3wnie\u017c do obiektu Muzeum Jana Paw\u0142a II, kt\u00f3re mie\u015bci si\u0119 w domu katechetycznym przy Ko\u015bciele Matki Bo\u017cej Kr\u00f3lowej Polski.<\/p>\n\n\n\n<p>Nieopodal Domu Studenckiego znajduje si\u0119 r\u00f3wnie\u017c&nbsp;<strong>basen kryty<\/strong>&nbsp;<a href=\"https:\/\/mosir.stalowawola.pl\/\">https:\/\/mosir.stalowawola.pl\/<\/a>&nbsp;i&nbsp;<strong>kort tenisowy&nbsp;<a href=\"https:\/\/mktstalowawola.pl\/\">https:\/\/mktstalowawola.pl\/<\/a><\/strong>&nbsp;, kt\u00f3ry zim\u0105 zamienia si\u0119 w lodowisko! Niemal\u017ce przez ca\u0142y rok mo\u017cna tutaj je\u017adzi\u0107 rowerem. Miasto posiada bowiem mn\u00f3stwo bezpiecznych i funkcjonalnych \u015bcie\u017cek rowerowych, a Dom Studencki jest wyposa\u017cony w specjalne pomieszczenia, gdzie mieszka\u0144cy mog\u0105 przechowywa\u0107 rowery.<\/p>\n\n\n\n<p><strong>Stalowa Wola jest pi\u0119knie usytuowanym miastem, w\u015br\u00f3d zieleni i kompleks\u00f3w le\u015bnych nale\u017c\u0105cych do Puszczy Sandomierskiej<\/strong>. Uroki le\u015bne mo\u017cna podziwia\u0107 korzystaj\u0105c ze specjalnie przygotowanych <strong>edukacyjno-przyrodniczych \u015bcie\u017cek rowerowych<\/strong> <a href=\"https:\/\/www.lodz.lasy.gov.pl\/\">https:\/\/www.lublin.lasy.gov.pl\/<\/a><\/p>\n\n\n\n<p><strong>Galeria:<\/strong><\/p>\n\n\n\n<figure class=\"wp-block-gallery has-nested-images columns-default is-cropped wp-block-gallery-1 is-layout-flex wp-block-gallery-is-layout-flex\">\n<figure class=\"wp-block-image size-large\"><img decoding=\"async\" width=\"800\" height=\"599\" data-id=\"1525\" src=\"https:\/\/akademiki.kul.pl\/wp-content\/uploads\/2023\/06\/Hol-1.jpg\" alt=\"\" class=\"wp-image-1525\" srcset=\"https:\/\/akademiki.kul.pl\/wp-content\/uploads\/2023\/06\/Hol-1.jpg 800w, https:\/\/akademiki.kul.pl\/wp-content\/uploads\/2023\/06\/Hol-1-300x225.jpg 300w, https:\/\/akademiki.kul.pl\/wp-content\/uploads\/2023\/06\/Hol-1-768x575.jpg 768w\" sizes=\"(max-width: 800px) 100vw, 800px\" \/><\/figure>\n\n\n\n<figure class=\"wp-block-image size-large\"><img decoding=\"async\" width=\"800\" height=\"599\" data-id=\"1526\" src=\"https:\/\/akademiki.kul.pl\/wp-content\/uploads\/2023\/06\/kuchnia.jpg\" alt=\"\" class=\"wp-image-1526\" srcset=\"https:\/\/akademiki.kul.pl\/wp-content\/uploads\/2023\/06\/kuchnia.jpg 800w, https:\/\/akademiki.kul.pl\/wp-content\/uploads\/2023\/06\/kuchnia-300x225.jpg 300w, https:\/\/akademiki.kul.pl\/wp-content\/uploads\/2023\/06\/kuchnia-768x575.jpg 768w\" sizes=\"(max-width: 800px) 100vw, 800px\" \/><\/figure>\n\n\n\n<figure class=\"wp-block-image size-large\"><img loading=\"lazy\" decoding=\"async\" width=\"800\" height=\"599\" data-id=\"1529\" src=\"https:\/\/akademiki.kul.pl\/wp-content\/uploads\/2023\/06\/kuchnia1.jpg\" alt=\"\" class=\"wp-image-1529\" srcset=\"https:\/\/akademiki.kul.pl\/wp-content\/uploads\/2023\/06\/kuchnia1.jpg 800w, https:\/\/akademiki.kul.pl\/wp-content\/uploads\/2023\/06\/kuchnia1-300x225.jpg 300w, https:\/\/akademiki.kul.pl\/wp-content\/uploads\/2023\/06\/kuchnia1-768x575.jpg 768w\" sizes=\"(max-width: 800px) 100vw, 800px\" \/><\/figure>\n\n\n\n<figure class=\"wp-block-image size-large\"><img loading=\"lazy\" decoding=\"async\" width=\"442\" height=\"600\" data-id=\"1528\" src=\"https:\/\/akademiki.kul.pl\/wp-content\/uploads\/2023\/06\/lazienka-2.jpg\" alt=\"\" class=\"wp-image-1528\" srcset=\"https:\/\/akademiki.kul.pl\/wp-content\/uploads\/2023\/06\/lazienka-2.jpg 442w, https:\/\/akademiki.kul.pl\/wp-content\/uploads\/2023\/06\/lazienka-2-221x300.jpg 221w, https:\/\/akademiki.kul.pl\/wp-content\/uploads\/2023\/06\/lazienka-2-300x407.jpg 300w\" sizes=\"(max-width: 442px) 100vw, 442px\" \/><\/figure>\n\n\n\n<figure class=\"wp-block-image size-large\"><img loading=\"lazy\" decoding=\"async\" width=\"451\" height=\"600\" data-id=\"1531\" src=\"https:\/\/akademiki.kul.pl\/wp-content\/uploads\/2023\/06\/lazienka.jpg\" alt=\"\" class=\"wp-image-1531\" srcset=\"https:\/\/akademiki.kul.pl\/wp-content\/uploads\/2023\/06\/lazienka.jpg 451w, https:\/\/akademiki.kul.pl\/wp-content\/uploads\/2023\/06\/lazienka-226x300.jpg 226w, https:\/\/akademiki.kul.pl\/wp-content\/uploads\/2023\/06\/lazienka-300x399.jpg 300w\" sizes=\"(max-width: 451px) 100vw, 451px\" \/><\/figure>\n\n\n\n<figure class=\"wp-block-image size-large\"><img loading=\"lazy\" decoding=\"async\" width=\"800\" height=\"599\" data-id=\"1527\" src=\"https:\/\/akademiki.kul.pl\/wp-content\/uploads\/2023\/06\/pokoj-1-osobowy.jpg\" alt=\"\" class=\"wp-image-1527\" srcset=\"https:\/\/akademiki.kul.pl\/wp-content\/uploads\/2023\/06\/pokoj-1-osobowy.jpg 800w, https:\/\/akademiki.kul.pl\/wp-content\/uploads\/2023\/06\/pokoj-1-osobowy-300x225.jpg 300w, https:\/\/akademiki.kul.pl\/wp-content\/uploads\/2023\/06\/pokoj-1-osobowy-768x575.jpg 768w\" sizes=\"(max-width: 800px) 100vw, 800px\" \/><\/figure>\n\n\n\n<figure class=\"wp-block-image size-large\"><img loading=\"lazy\" decoding=\"async\" width=\"451\" height=\"600\" data-id=\"1530\" src=\"https:\/\/akademiki.kul.pl\/wp-content\/uploads\/2023\/06\/pokoj-1-osobowy-1.jpg\" alt=\"\" class=\"wp-image-1530\" srcset=\"https:\/\/akademiki.kul.pl\/wp-content\/uploads\/2023\/06\/pokoj-1-osobowy-1.jpg 451w, https:\/\/akademiki.kul.pl\/wp-content\/uploads\/2023\/06\/pokoj-1-osobowy-1-226x300.jpg 226w, https:\/\/akademiki.kul.pl\/wp-content\/uploads\/2023\/06\/pokoj-1-osobowy-1-300x399.jpg 300w\" sizes=\"(max-width: 451px) 100vw, 451px\" \/><\/figure>\n\n\n\n<figure class=\"wp-block-image size-large\"><img loading=\"lazy\" decoding=\"async\" width=\"800\" height=\"592\" data-id=\"1535\" src=\"https:\/\/akademiki.kul.pl\/wp-content\/uploads\/2023\/06\/pokoj-2-osobowy-2.jpg\" alt=\"\" class=\"wp-image-1535\" srcset=\"https:\/\/akademiki.kul.pl\/wp-content\/uploads\/2023\/06\/pokoj-2-osobowy-2.jpg 800w, https:\/\/akademiki.kul.pl\/wp-content\/uploads\/2023\/06\/pokoj-2-osobowy-2-300x222.jpg 300w, https:\/\/akademiki.kul.pl\/wp-content\/uploads\/2023\/06\/pokoj-2-osobowy-2-768x568.jpg 768w\" sizes=\"(max-width: 800px) 100vw, 800px\" \/><\/figure>\n\n\n\n<figure class=\"wp-block-image size-large\"><img loading=\"lazy\" decoding=\"async\" width=\"800\" height=\"591\" data-id=\"1533\" src=\"https:\/\/akademiki.kul.pl\/wp-content\/uploads\/2023\/06\/pokoj-2-osobowy.jpg\" alt=\"\" class=\"wp-image-1533\" srcset=\"https:\/\/akademiki.kul.pl\/wp-content\/uploads\/2023\/06\/pokoj-2-osobowy.jpg 800w, https:\/\/akademiki.kul.pl\/wp-content\/uploads\/2023\/06\/pokoj-2-osobowy-300x222.jpg 300w, https:\/\/akademiki.kul.pl\/wp-content\/uploads\/2023\/06\/pokoj-2-osobowy-768x567.jpg 768w\" sizes=\"(max-width: 800px) 100vw, 800px\" \/><\/figure>\n\n\n\n<figure class=\"wp-block-image size-large\"><img loading=\"lazy\" decoding=\"async\" width=\"451\" height=\"600\" data-id=\"1534\" src=\"https:\/\/akademiki.kul.pl\/wp-content\/uploads\/2023\/06\/pokoj-2-osobowy-1.jpg\" alt=\"\" class=\"wp-image-1534\" srcset=\"https:\/\/akademiki.kul.pl\/wp-content\/uploads\/2023\/06\/pokoj-2-osobowy-1.jpg 451w, https:\/\/akademiki.kul.pl\/wp-content\/uploads\/2023\/06\/pokoj-2-osobowy-1-226x300.jpg 226w, https:\/\/akademiki.kul.pl\/wp-content\/uploads\/2023\/06\/pokoj-2-osobowy-1-300x399.jpg 300w\" sizes=\"(max-width: 451px) 100vw, 451px\" \/><\/figure>\n\n\n\n<figure class=\"wp-block-image size-large\"><img loading=\"lazy\" decoding=\"async\" width=\"800\" height=\"599\" data-id=\"1538\" src=\"https:\/\/akademiki.kul.pl\/wp-content\/uploads\/2023\/06\/pomieszczenia-wspolne.jpg\" alt=\"\" class=\"wp-image-1538\" srcset=\"https:\/\/akademiki.kul.pl\/wp-content\/uploads\/2023\/06\/pomieszczenia-wspolne.jpg 800w, https:\/\/akademiki.kul.pl\/wp-content\/uploads\/2023\/06\/pomieszczenia-wspolne-300x225.jpg 300w, https:\/\/akademiki.kul.pl\/wp-content\/uploads\/2023\/06\/pomieszczenia-wspolne-768x575.jpg 768w\" sizes=\"(max-width: 800px) 100vw, 800px\" \/><\/figure>\n\n\n\n<figure class=\"wp-block-image size-large\"><img loading=\"lazy\" decoding=\"async\" width=\"447\" height=\"600\" data-id=\"1532\" src=\"https:\/\/akademiki.kul.pl\/wp-content\/uploads\/2023\/06\/pralnia-1.jpg\" alt=\"\" class=\"wp-image-1532\" srcset=\"https:\/\/akademiki.kul.pl\/wp-content\/uploads\/2023\/06\/pralnia-1.jpg 447w, https:\/\/akademiki.kul.pl\/wp-content\/uploads\/2023\/06\/pralnia-1-224x300.jpg 224w, https:\/\/akademiki.kul.pl\/wp-content\/uploads\/2023\/06\/pralnia-1-300x403.jpg 300w\" sizes=\"(max-width: 447px) 100vw, 447px\" \/><\/figure>\n\n\n\n<figure class=\"wp-block-image size-large\"><img loading=\"lazy\" decoding=\"async\" width=\"800\" height=\"599\" data-id=\"1539\" src=\"https:\/\/akademiki.kul.pl\/wp-content\/uploads\/2023\/06\/PRALNIA.jpg\" alt=\"\" class=\"wp-image-1539\" srcset=\"https:\/\/akademiki.kul.pl\/wp-content\/uploads\/2023\/06\/PRALNIA.jpg 800w, https:\/\/akademiki.kul.pl\/wp-content\/uploads\/2023\/06\/PRALNIA-300x225.jpg 300w, https:\/\/akademiki.kul.pl\/wp-content\/uploads\/2023\/06\/PRALNIA-768x575.jpg 768w\" sizes=\"(max-width: 800px) 100vw, 800px\" \/><\/figure>\n\n\n\n<figure class=\"wp-block-image size-large\"><img loading=\"lazy\" decoding=\"async\" width=\"800\" height=\"599\" data-id=\"1537\" src=\"https:\/\/akademiki.kul.pl\/wp-content\/uploads\/2023\/06\/sala-TV.jpg\" alt=\"\" class=\"wp-image-1537\" srcset=\"https:\/\/akademiki.kul.pl\/wp-content\/uploads\/2023\/06\/sala-TV.jpg 800w, https:\/\/akademiki.kul.pl\/wp-content\/uploads\/2023\/06\/sala-TV-300x225.jpg 300w, https:\/\/akademiki.kul.pl\/wp-content\/uploads\/2023\/06\/sala-TV-768x575.jpg 768w\" sizes=\"(max-width: 800px) 100vw, 800px\" \/><\/figure>\n\n\n\n<figure class=\"wp-block-image size-large\"><img loading=\"lazy\" decoding=\"async\" width=\"800\" height=\"599\" data-id=\"1536\" src=\"https:\/\/akademiki.kul.pl\/wp-content\/uploads\/2023\/06\/suszarnia.jpg\" alt=\"\" class=\"wp-image-1536\" srcset=\"https:\/\/akademiki.kul.pl\/wp-content\/uploads\/2023\/06\/suszarnia.jpg 800w, https:\/\/akademiki.kul.pl\/wp-content\/uploads\/2023\/06\/suszarnia-300x225.jpg 300w, https:\/\/akademiki.kul.pl\/wp-content\/uploads\/2023\/06\/suszarnia-768x575.jpg 768w\" sizes=\"(max-width: 800px) 100vw, 800px\" \/><\/figure>\n\n\n\n<figure class=\"wp-block-image size-large\"><img loading=\"lazy\" decoding=\"async\" width=\"300\" height=\"225\" data-id=\"1540\" src=\"https:\/\/akademiki.kul.pl\/wp-content\/uploads\/2023\/06\/kuchnia-1.jpg\" alt=\"\" class=\"wp-image-1540\"\/><\/figure>\n\n\n\n<figure class=\"wp-block-image size-large\"><img loading=\"lazy\" decoding=\"async\" width=\"226\" height=\"300\" data-id=\"1542\" src=\"https:\/\/akademiki.kul.pl\/wp-content\/uploads\/2023\/06\/pokoj-2-osobowy-4.jpg\" alt=\"\" class=\"wp-image-1542\"\/><\/figure>\n\n\n\n<figure class=\"wp-block-image size-large\"><img loading=\"lazy\" decoding=\"async\" width=\"640\" height=\"480\" data-id=\"1541\" src=\"https:\/\/akademiki.kul.pl\/wp-content\/uploads\/2023\/06\/pokoj-2-osobowy-3.jpg\" alt=\"\" class=\"wp-image-1541\" srcset=\"https:\/\/akademiki.kul.pl\/wp-content\/uploads\/2023\/06\/pokoj-2-osobowy-3.jpg 640w, https:\/\/akademiki.kul.pl\/wp-content\/uploads\/2023\/06\/pokoj-2-osobowy-3-300x225.jpg 300w\" sizes=\"(max-width: 640px) 100vw, 640px\" \/><\/figure>\n<\/figure>\n\n\n\n<iframe src=\"https:\/\/www.google.com\/maps\/embed?pb=!1m18!1m12!1m3!1d2534.466342937009!2d22.053508892622414!3d50.562693506091534!2m3!1f0!2f0!3f0!3m2!1i1024!2i768!4f13.1!3m3!1m2!1s0x473d2cc21aa6f6fb%3A0xa9f3cfe4fb995a89!2sOfiar%20Katynia%206%2C%2037-450%20Stalowa%20Wola!5e0!3m2!1spl!2spl!4v1681736209725!5m2!1spl!2spl\" width=\"600\" height=\"450\" style=\"border:0;\" allowfullscreen=\"\" loading=\"lazy\" referrerpolicy=\"no-referrer-when-downgrade\"><\/iframe>\n","protected":false},"excerpt":{"rendered":"<p>Akademik jest pi\u0119ciokondygnacyjnym budynkiem po generalnym remoncie.&nbsp;Dysponujemy 320 miejscami w pokojach 1 i 2 osobowych.&nbsp;Na ka\u017cdym pi\u0119trze znajduje si\u0119 40 pokoi mieszkalnych oraz dwie kuchnie i 2 pomieszczenia sanitarne (toaleta,&#8230;<\/p>\n","protected":false},"author":1,"featured_media":0,"parent":1299,"menu_order":4,"comment_status":"closed","ping_status":"closed","template":"","meta":{"footnotes":""},"class_list":["post-826","page","type-page","status-publish","hentry"],"yoast_head":"<!-- This site is optimized with the Yoast SEO plugin v27.5 - https:\/\/yoast.com\/product\/yoast-seo-wordpress\/ -->\n<title>Dom Studencki Stella w Stalowej Woli - Domy Studenckie KUL<\/title>\n<meta name=\"robots\" content=\"index, follow, max-snippet:-1, max-image-preview:large, max-video-preview:-1\" \/>\n<link rel=\"canonical\" href=\"https:\/\/akademiki.kul.pl\/?page_id=826\" \/>\n<meta property=\"og:locale\" content=\"pl_PL\" \/>\n<meta property=\"og:type\" content=\"article\" \/>\n<meta property=\"og:title\" content=\"Dom Studencki Stella w Stalowej Woli - Domy Studenckie KUL\" \/>\n<meta property=\"og:description\" content=\"Akademik jest pi\u0119ciokondygnacyjnym budynkiem po generalnym remoncie.&nbsp;Dysponujemy 320 miejscami w pokojach 1 i 2 osobowych.&nbsp;Na ka\u017cdym pi\u0119trze znajduje si\u0119 40 pokoi mieszkalnych oraz dwie kuchnie i 2 pomieszczenia sanitarne (toaleta,...\" \/>\n<meta property=\"og:url\" content=\"https:\/\/akademiki.kul.pl\/?page_id=826\" \/>\n<meta property=\"og:site_name\" content=\"Domy Studenckie KUL\" \/>\n<meta property=\"article:publisher\" content=\"https:\/\/www.facebook.com\/mdskulkonstantynow\/\" \/>\n<meta property=\"article:modified_time\" content=\"2024-06-17T12:47:01+00:00\" \/>\n<meta property=\"og:image\" content=\"https:\/\/akademiki.kul.pl\/wp-content\/uploads\/2017\/01\/stalowa-1024x639.jpg\" \/>\n<meta name=\"twitter:card\" content=\"summary_large_image\" \/>\n<meta name=\"twitter:label1\" content=\"Szacowany czas czytania\" \/>\n\t<meta name=\"twitter:data1\" content=\"6 minut\" \/>\n<script type=\"application\/ld+json\" class=\"yoast-schema-graph\">{\"@context\":\"https:\\\/\\\/schema.org\",\"@graph\":[{\"@type\":\"WebPage\",\"@id\":\"https:\\\/\\\/akademiki.kul.pl\\\/?page_id=826\",\"url\":\"https:\\\/\\\/akademiki.kul.pl\\\/?page_id=826\",\"name\":\"Dom Studencki Stella w Stalowej Woli - Domy Studenckie KUL\",\"isPartOf\":{\"@id\":\"https:\\\/\\\/akademiki.kul.pl\\\/#website\"},\"primaryImageOfPage\":{\"@id\":\"https:\\\/\\\/akademiki.kul.pl\\\/?page_id=826#primaryimage\"},\"image\":{\"@id\":\"https:\\\/\\\/akademiki.kul.pl\\\/?page_id=826#primaryimage\"},\"thumbnailUrl\":\"https:\\\/\\\/akademiki.kul.pl\\\/wp-content\\\/uploads\\\/2017\\\/01\\\/stalowa-1024x639.jpg\",\"datePublished\":\"2022-06-01T12:28:09+00:00\",\"dateModified\":\"2024-06-17T12:47:01+00:00\",\"breadcrumb\":{\"@id\":\"https:\\\/\\\/akademiki.kul.pl\\\/?page_id=826#breadcrumb\"},\"inLanguage\":\"pl-PL\",\"potentialAction\":[{\"@type\":\"ReadAction\",\"target\":[\"https:\\\/\\\/akademiki.kul.pl\\\/?page_id=826\"]}]},{\"@type\":\"ImageObject\",\"inLanguage\":\"pl-PL\",\"@id\":\"https:\\\/\\\/akademiki.kul.pl\\\/?page_id=826#primaryimage\",\"url\":\"https:\\\/\\\/akademiki.kul.pl\\\/wp-content\\\/uploads\\\/2017\\\/01\\\/stalowa.jpg\",\"contentUrl\":\"https:\\\/\\\/akademiki.kul.pl\\\/wp-content\\\/uploads\\\/2017\\\/01\\\/stalowa.jpg\",\"width\":1112,\"height\":694},{\"@type\":\"BreadcrumbList\",\"@id\":\"https:\\\/\\\/akademiki.kul.pl\\\/?page_id=826#breadcrumb\",\"itemListElement\":[{\"@type\":\"ListItem\",\"position\":1,\"name\":\"Strona g\u0142\u00f3wna\",\"item\":\"https:\\\/\\\/akademiki.kul.pl\\\/\"},{\"@type\":\"ListItem\",\"position\":2,\"name\":\"OBIEKTY\",\"item\":\"https:\\\/\\\/akademiki.kul.pl\\\/?page_id=1299\"},{\"@type\":\"ListItem\",\"position\":3,\"name\":\"Dom Studencki w Stalowej Woli\"}]},{\"@type\":\"WebSite\",\"@id\":\"https:\\\/\\\/akademiki.kul.pl\\\/#website\",\"url\":\"https:\\\/\\\/akademiki.kul.pl\\\/\",\"name\":\"Domy Studenckie KUL\",\"description\":\"Akademiki z pe\u0142n\u0105 KULtur\u0105\",\"publisher\":{\"@id\":\"https:\\\/\\\/akademiki.kul.pl\\\/#organization\"},\"potentialAction\":[{\"@type\":\"SearchAction\",\"target\":{\"@type\":\"EntryPoint\",\"urlTemplate\":\"https:\\\/\\\/akademiki.kul.pl\\\/?s={search_term_string}\"},\"query-input\":{\"@type\":\"PropertyValueSpecification\",\"valueRequired\":true,\"valueName\":\"search_term_string\"}}],\"inLanguage\":\"pl-PL\"},{\"@type\":\"Organization\",\"@id\":\"https:\\\/\\\/akademiki.kul.pl\\\/#organization\",\"name\":\"Domy Studenckie KUL\",\"url\":\"https:\\\/\\\/akademiki.kul.pl\\\/\",\"logo\":{\"@type\":\"ImageObject\",\"inLanguage\":\"pl-PL\",\"@id\":\"https:\\\/\\\/akademiki.kul.pl\\\/#\\\/schema\\\/logo\\\/image\\\/\",\"url\":\"https:\\\/\\\/akademiki.kul.pl\\\/wp-content\\\/uploads\\\/2023\\\/06\\\/cropped-Korys-Piotr-logo-DS_KUL.png\",\"contentUrl\":\"https:\\\/\\\/akademiki.kul.pl\\\/wp-content\\\/uploads\\\/2023\\\/06\\\/cropped-Korys-Piotr-logo-DS_KUL.png\",\"width\":7462,\"height\":1408,\"caption\":\"Domy Studenckie KUL\"},\"image\":{\"@id\":\"https:\\\/\\\/akademiki.kul.pl\\\/#\\\/schema\\\/logo\\\/image\\\/\"},\"sameAs\":[\"https:\\\/\\\/www.facebook.com\\\/mdskulkonstantynow\\\/\",\"https:\\\/\\\/www.facebook.com\\\/zdskul\\\/\"]}]}<\/script>\n<!-- \/ Yoast SEO plugin. -->","yoast_head_json":{"title":"Dom Studencki Stella w Stalowej Woli - Domy Studenckie KUL","robots":{"index":"index","follow":"follow","max-snippet":"max-snippet:-1","max-image-preview":"max-image-preview:large","max-video-preview":"max-video-preview:-1"},"canonical":"https:\/\/akademiki.kul.pl\/?page_id=826","og_locale":"pl_PL","og_type":"article","og_title":"Dom Studencki Stella w Stalowej Woli - Domy Studenckie KUL","og_description":"Akademik jest pi\u0119ciokondygnacyjnym budynkiem po generalnym remoncie.&nbsp;Dysponujemy 320 miejscami w pokojach 1 i 2 osobowych.&nbsp;Na ka\u017cdym pi\u0119trze znajduje si\u0119 40 pokoi mieszkalnych oraz dwie kuchnie i 2 pomieszczenia sanitarne (toaleta,...","og_url":"https:\/\/akademiki.kul.pl\/?page_id=826","og_site_name":"Domy Studenckie KUL","article_publisher":"https:\/\/www.facebook.com\/mdskulkonstantynow\/","article_modified_time":"2024-06-17T12:47:01+00:00","og_image":[{"url":"https:\/\/akademiki.kul.pl\/wp-content\/uploads\/2017\/01\/stalowa-1024x639.jpg","type":"","width":"","height":""}],"twitter_card":"summary_large_image","twitter_misc":{"Szacowany czas czytania":"6 minut"},"schema":{"@context":"https:\/\/schema.org","@graph":[{"@type":"WebPage","@id":"https:\/\/akademiki.kul.pl\/?page_id=826","url":"https:\/\/akademiki.kul.pl\/?page_id=826","name":"Dom Studencki Stella w Stalowej Woli - Domy Studenckie KUL","isPartOf":{"@id":"https:\/\/akademiki.kul.pl\/#website"},"primaryImageOfPage":{"@id":"https:\/\/akademiki.kul.pl\/?page_id=826#primaryimage"},"image":{"@id":"https:\/\/akademiki.kul.pl\/?page_id=826#primaryimage"},"thumbnailUrl":"https:\/\/akademiki.kul.pl\/wp-content\/uploads\/2017\/01\/stalowa-1024x639.jpg","datePublished":"2022-06-01T12:28:09+00:00","dateModified":"2024-06-17T12:47:01+00:00","breadcrumb":{"@id":"https:\/\/akademiki.kul.pl\/?page_id=826#breadcrumb"},"inLanguage":"pl-PL","potentialAction":[{"@type":"ReadAction","target":["https:\/\/akademiki.kul.pl\/?page_id=826"]}]},{"@type":"ImageObject","inLanguage":"pl-PL","@id":"https:\/\/akademiki.kul.pl\/?page_id=826#primaryimage","url":"https:\/\/akademiki.kul.pl\/wp-content\/uploads\/2017\/01\/stalowa.jpg","contentUrl":"https:\/\/akademiki.kul.pl\/wp-content\/uploads\/2017\/01\/stalowa.jpg","width":1112,"height":694},{"@type":"BreadcrumbList","@id":"https:\/\/akademiki.kul.pl\/?page_id=826#breadcrumb","itemListElement":[{"@type":"ListItem","position":1,"name":"Strona g\u0142\u00f3wna","item":"https:\/\/akademiki.kul.pl\/"},{"@type":"ListItem","position":2,"name":"OBIEKTY","item":"https:\/\/akademiki.kul.pl\/?page_id=1299"},{"@type":"ListItem","position":3,"name":"Dom Studencki w Stalowej Woli"}]},{"@type":"WebSite","@id":"https:\/\/akademiki.kul.pl\/#website","url":"https:\/\/akademiki.kul.pl\/","name":"Domy Studenckie KUL","description":"Akademiki z pe\u0142n\u0105 KULtur\u0105","publisher":{"@id":"https:\/\/akademiki.kul.pl\/#organization"},"potentialAction":[{"@type":"SearchAction","target":{"@type":"EntryPoint","urlTemplate":"https:\/\/akademiki.kul.pl\/?s={search_term_string}"},"query-input":{"@type":"PropertyValueSpecification","valueRequired":true,"valueName":"search_term_string"}}],"inLanguage":"pl-PL"},{"@type":"Organization","@id":"https:\/\/akademiki.kul.pl\/#organization","name":"Domy Studenckie KUL","url":"https:\/\/akademiki.kul.pl\/","logo":{"@type":"ImageObject","inLanguage":"pl-PL","@id":"https:\/\/akademiki.kul.pl\/#\/schema\/logo\/image\/","url":"https:\/\/akademiki.kul.pl\/wp-content\/uploads\/2023\/06\/cropped-Korys-Piotr-logo-DS_KUL.png","contentUrl":"https:\/\/akademiki.kul.pl\/wp-content\/uploads\/2023\/06\/cropped-Korys-Piotr-logo-DS_KUL.png","width":7462,"height":1408,"caption":"Domy Studenckie KUL"},"image":{"@id":"https:\/\/akademiki.kul.pl\/#\/schema\/logo\/image\/"},"sameAs":["https:\/\/www.facebook.com\/mdskulkonstantynow\/","https:\/\/www.facebook.com\/zdskul\/"]}]}},"_links":{"self":[{"href":"https:\/\/akademiki.kul.pl\/index.php?rest_route=\/wp\/v2\/pages\/826","targetHints":{"allow":["GET"]}}],"collection":[{"href":"https:\/\/akademiki.kul.pl\/index.php?rest_route=\/wp\/v2\/pages"}],"about":[{"href":"https:\/\/akademiki.kul.pl\/index.php?rest_route=\/wp\/v2\/types\/page"}],"author":[{"embeddable":true,"href":"https:\/\/akademiki.kul.pl\/index.php?rest_route=\/wp\/v2\/users\/1"}],"replies":[{"embeddable":true,"href":"https:\/\/akademiki.kul.pl\/index.php?rest_route=%2Fwp%2Fv2%2Fcomments&post=826"}],"version-history":[{"count":7,"href":"https:\/\/akademiki.kul.pl\/index.php?rest_route=\/wp\/v2\/pages\/826\/revisions"}],"predecessor-version":[{"id":2927,"href":"https:\/\/akademiki.kul.pl\/index.php?rest_route=\/wp\/v2\/pages\/826\/revisions\/2927"}],"up":[{"embeddable":true,"href":"https:\/\/akademiki.kul.pl\/index.php?rest_route=\/wp\/v2\/pages\/1299"}],"wp:attachment":[{"href":"https:\/\/akademiki.kul.pl\/index.php?rest_route=%2Fwp%2Fv2%2Fmedia&parent=826"}],"curies":[{"name":"wp","href":"https:\/\/api.w.org\/{rel}","templated":true}]}}